{"id":892,"date":"2020-09-10T10:18:30","date_gmt":"2020-09-10T13:18:30","guid":{"rendered":"https:\/\/isfd9-bue.infd.edu.ar\/sitio\/?page_id=892"},"modified":"2020-12-29T15:23:37","modified_gmt":"2020-12-29T18:23:37","slug":"herramientas-para-pdf","status":"publish","type":"page","link":"https:\/\/isfd9-bue.infd.edu.ar\/sitio\/herramientas-para-pdf\/","title":{"rendered":"HERRAMIENTAS PARA PDF"},"content":{"rendered":"<p>&nbsp;<\/p>\n<p><b>Desde el celular:\u00a0<\/b><\/p>\n<ul>\n<li style=\"font-weight: 400;\"><a href=\"https:\/\/play.google.com\/store\/apps\/details?id=pdf.tap.scanner\"><b>Esc\u00e1ner de c\u00e1mara a PDF: TapScanner<\/b><\/a><span style=\"font-weight: 400;\"> &#8211; Saca fotos para convertirlas en archivos pdf. <\/span><span style=\"font-weight: 400;\"><br \/>\n<\/span><a href=\"https:\/\/play.google.com\/store\/apps\/details?id=pdf.tap.scanner\"><span style=\"font-weight: 400;\">VER APP<\/span><\/a><\/li>\n<li><a href=\"https:\/\/play.google.com\/store\/apps\/details?id=pdf.tap.scanner\"><b>Esc\u00e1ner de c\u00e1mara a PDF: TapScanner<\/b><\/a><span style=\"font-weight: 400;\"> &#8211; Saca fotos para convertirlas en archivos pdf. <\/span><span style=\"font-weight: 400;\"><br \/>\n<\/span><a href=\"https:\/\/play.google.com\/store\/apps\/details?id=pdf.tap.scanner\"><span style=\"font-weight: 400;\">VER APP<\/span><\/a><\/li>\n<li><a href=\"https:\/\/play.google.com\/store\/apps\/details?id=pdf.tap.scanner\"><b>Esc\u00e1ner de c\u00e1mara a PDF: TapScanner<\/b><\/a><span style=\"font-weight: 400;\"> &#8211; Saca fotos para convertirlas en archivos pdf. <\/span><span style=\"font-weight: 400;\"><br \/>\n<\/span><a href=\"https:\/\/play.google.com\/store\/apps\/details?id=pdf.tap.scanner\"><span style=\"font-weight: 400;\">VER APP<\/span><\/a><\/li>\n<li><\/li>\n<\/ul>\n<p><b>Desde la compu:<\/b><\/p>\n<ol>\n<li><a href=\"https:\/\/play.google.com\/store\/apps\/details?id=pdf.tap.scanner\"><b>Esc\u00e1ner de c\u00e1mara a PDF: TapScanner<\/b><\/a><span style=\"font-weight: 400;\"> &#8211; Saca fotos para convertirlas en archivos pdf. <\/span><span style=\"font-weight: 400;\"><br \/>\n<\/span><a href=\"https:\/\/play.google.com\/store\/apps\/details?id=pdf.tap.scanner\"><span style=\"font-weight: 400;\">VER APP<\/span><\/a><\/li>\n<li><a href=\"https:\/\/play.google.com\/store\/apps\/details?id=pdf.tap.scanner\"><b>Esc\u00e1ner de c\u00e1mara a PDF: TapScanner<\/b><\/a><span style=\"font-weight: 400;\"> &#8211; Saca fotos para convertirlas en archivos pdf. <\/span><span style=\"font-weight: 400;\"><br \/>\n<\/span><a href=\"https:\/\/play.google.com\/store\/apps\/details?id=pdf.tap.scanner\"><span style=\"font-weight: 400;\">VER APP<\/span><\/a><\/li>\n<li><a href=\"https:\/\/play.google.com\/store\/apps\/details?id=pdf.tap.scanner\"><b>Esc\u00e1ner de c\u00e1mara a PDF: TapScanner<\/b><\/a><span style=\"font-weight: 400;\"> &#8211; Saca fotos para convertirlas en archivos pdf. <\/span><span style=\"font-weight: 400;\"><br \/>\n<\/span><a href=\"https:\/\/play.google.com\/store\/apps\/details?id=pdf.tap.scanner\"><span style=\"font-weight: 400;\">VER APP<\/span><\/a><\/li>\n<\/ol>\n<p>&nbsp;<\/p>\n","protected":false},"excerpt":{"rendered":"<p>&nbsp; Desde el celular:\u00a0 Esc\u00e1ner de c\u00e1mara a PDF: TapScanner &#8211; Saca fotos para convertirlas en archivos pdf. VER APP Esc\u00e1ner de c\u00e1mara a PDF: TapScanner &#8211; Saca fotos para convertirlas en archivos pdf. VER APP Esc\u00e1ner de c\u00e1mara a PDF: TapScanner &#8211; Saca fotos para convertirlas en archivos pdf. VER APP Desde la compu: &#8230; <a title=\"HERRAMIENTAS PARA PDF\" class=\"read-more\" href=\"https:\/\/isfd9-bue.infd.edu.ar\/sitio\/herramientas-para-pdf\/\" aria-label=\"More on HERRAMIENTAS PARA PDF\">[+]<\/a><\/p>\n","protected":false},"author":143,"featured_media":0,"parent":0,"menu_order":0,"comment_status":"closed","ping_status":"closed","template":"","meta":[],"acf":[],"_links":{"self":[{"href":"https:\/\/isfd9-bue.infd.edu.ar\/sitio\/wp-json\/wp\/v2\/pages\/892"}],"collection":[{"href":"https:\/\/isfd9-bue.infd.edu.ar\/sitio\/wp-json\/wp\/v2\/pages"}],"about":[{"href":"https:\/\/isfd9-bue.infd.edu.ar\/sitio\/wp-json\/wp\/v2\/types\/page"}],"author":[{"embeddable":true,"href":"https:\/\/isfd9-bue.infd.edu.ar\/sitio\/wp-json\/wp\/v2\/users\/143"}],"replies":[{"embeddable":true,"href":"https:\/\/isfd9-bue.infd.edu.ar\/sitio\/wp-json\/wp\/v2\/comments?post=892"}],"version-history":[{"count":2,"href":"https:\/\/isfd9-bue.infd.edu.ar\/sitio\/wp-json\/wp\/v2\/pages\/892\/revisions"}],"predecessor-version":[{"id":1133,"href":"https:\/\/isfd9-bue.infd.edu.ar\/sitio\/wp-json\/wp\/v2\/pages\/892\/revisions\/1133"}],"wp:attachment":[{"href":"https:\/\/isfd9-bue.infd.edu.ar\/sitio\/wp-json\/wp\/v2\/media?parent=892"}],"curies":[{"name":"wp","href":"https:\/\/api.w.org\/{rel}","templated":true}]}}