{"id":4876,"date":"2024-08-16T19:34:21","date_gmt":"2024-08-16T22:34:21","guid":{"rendered":"https:\/\/isfd9-bue.infd.edu.ar\/sitio\/?page_id=4876"},"modified":"2024-08-20T11:32:23","modified_gmt":"2024-08-20T14:32:23","slug":"correlativas","status":"publish","type":"page","link":"https:\/\/isfd9-bue.infd.edu.ar\/sitio\/correlativas\/","title":{"rendered":"R\u00c9GIMEN DE CORRELATIVIDADES"},"content":{"rendered":"\n<h5 class=\"wp-block-heading has-text-align-center has-pale-ocean-gradient-background has-background\">R\u00c9GIMEN DE CORRELATIVIDADES DEL PROFESORADO EN EDUCACI\u00d3N ESPECIAL 1ero y 2do a\u00f1o.<\/h5>\n\n\n\n<div class=\"wp-block-file\"><object class=\"wp-block-file__embed\" data=\"https:\/\/isfd9-bue.infd.edu.ar\/sitio\/wp-content\/uploads\/2024\/08\/1-Y-2-ESPECIAL-CORRELATIVAS.pdf\" type=\"application\/pdf\" style=\"width:100%;height:600px\" aria-label=\"Incrustado de 1-Y-2-ESPECIAL-CORRELATIVAS.\"><\/object><a id=\"wp-block-file--media-5026483e-4950-458b-ad49-3087850d5036\" href=\"https:\/\/isfd9-bue.infd.edu.ar\/sitio\/wp-content\/uploads\/2024\/08\/1-Y-2-ESPECIAL-CORRELATIVAS.pdf\">1-Y-2-ESPECIAL-CORRELATIVAS<\/a><a href=\"https:\/\/isfd9-bue.infd.edu.ar\/sitio\/wp-content\/uploads\/2024\/08\/1-Y-2-ESPECIAL-CORRELATIVAS.pdf\" class=\"wp-block-file__button wp-element-button\" download aria-describedby=\"wp-block-file--media-5026483e-4950-458b-ad49-3087850d5036\">Descarga<\/a><\/div>\n\n\n\n<p><\/p>\n\n\n\n<h5 class=\"wp-block-heading has-text-align-center has-pale-ocean-gradient-background has-background\">R\u00c9GIMEN DE CORRELATIVIDADES DEL <strong>PROFESORADO EN EDUCACI\u00d3N ESPECIAL CON ORIENTACI\u00d3N INTELECTUAL<\/strong><\/h5>\n\n\n\n<div class=\"wp-block-file\"><object class=\"wp-block-file__embed\" data=\"https:\/\/isfd9-bue.infd.edu.ar\/sitio\/wp-content\/uploads\/2024\/08\/INTELECTUAL-CORRELATIVAS.pdf\" type=\"application\/pdf\" style=\"width:100%;height:600px\" aria-label=\"Incrustado de INTELECTUAL-CORRELATIVAS.\"><\/object><a id=\"wp-block-file--media-bd7c3534-664b-45ea-8b11-1e2c16771347\" href=\"https:\/\/isfd9-bue.infd.edu.ar\/sitio\/wp-content\/uploads\/2024\/08\/INTELECTUAL-CORRELATIVAS.pdf\">INTELECTUAL-CORRELATIVAS<\/a><a href=\"https:\/\/isfd9-bue.infd.edu.ar\/sitio\/wp-content\/uploads\/2024\/08\/INTELECTUAL-CORRELATIVAS.pdf\" class=\"wp-block-file__button wp-element-button\" download aria-describedby=\"wp-block-file--media-bd7c3534-664b-45ea-8b11-1e2c16771347\">Descarga<\/a><\/div>\n\n\n\n<p><\/p>\n\n\n\n<h5 class=\"wp-block-heading has-text-align-center has-pale-ocean-gradient-background has-background\">R\u00c9GIMEN DE CORRELATIVIDADES DEL <strong>PROFESORADO EN EDUCACI\u00d3N ESPECIAL CON ORIENTACI\u00d3N NEUROMOTOR<\/strong>A<\/h5>\n\n\n\n<div class=\"wp-block-file\"><object class=\"wp-block-file__embed\" data=\"https:\/\/isfd9-bue.infd.edu.ar\/sitio\/wp-content\/uploads\/2024\/08\/NEUROMOTOR-CORRELTAIVAS.pdf\" type=\"application\/pdf\" style=\"width:100%;height:600px\" aria-label=\"Incrustado de NEUROMOTOR-CORRELTAIVAS.\"><\/object><a id=\"wp-block-file--media-4f591535-561c-4238-a8df-0b7887fb3e08\" href=\"https:\/\/isfd9-bue.infd.edu.ar\/sitio\/wp-content\/uploads\/2024\/08\/NEUROMOTOR-CORRELTAIVAS.pdf\">NEUROMOTOR-CORRELTAIVAS<\/a><a href=\"https:\/\/isfd9-bue.infd.edu.ar\/sitio\/wp-content\/uploads\/2024\/08\/NEUROMOTOR-CORRELTAIVAS.pdf\" class=\"wp-block-file__button wp-element-button\" download aria-describedby=\"wp-block-file--media-4f591535-561c-4238-a8df-0b7887fb3e08\">Descarga<\/a><\/div>\n\n\n\n<p><\/p>\n\n\n\n<h5 class=\"wp-block-heading has-text-align-center has-pale-ocean-gradient-background has-background\">R\u00c9GIMEN DE CORRELATIVIDADES DEL <strong>PROFESORADO EN EDUCACI\u00d3N ESPECIAL CON ORIENTACI\u00d3N SORDOS E HIPOAC\u00daSICOS<\/strong><\/h5>\n\n\n\n<div class=\"wp-block-file\"><object class=\"wp-block-file__embed\" data=\"https:\/\/isfd9-bue.infd.edu.ar\/sitio\/wp-content\/uploads\/2024\/08\/SORDOS-CORRELATIVAS.pdf\" type=\"application\/pdf\" style=\"width:100%;height:600px\" aria-label=\"Incrustado de SORDOS-CORRELATIVAS.\"><\/object><a id=\"wp-block-file--media-4a55f8a6-ecb8-4071-a576-c5fa73d7792e\" href=\"https:\/\/isfd9-bue.infd.edu.ar\/sitio\/wp-content\/uploads\/2024\/08\/SORDOS-CORRELATIVAS.pdf\">SORDOS-CORRELATIVAS<\/a><a href=\"https:\/\/isfd9-bue.infd.edu.ar\/sitio\/wp-content\/uploads\/2024\/08\/SORDOS-CORRELATIVAS.pdf\" class=\"wp-block-file__button wp-element-button\" download aria-describedby=\"wp-block-file--media-4a55f8a6-ecb8-4071-a576-c5fa73d7792e\">Descarga<\/a><\/div>\n\n\n\n<p><\/p>\n\n\n\n<h5 class=\"wp-block-heading has-text-align-center has-pale-ocean-gradient-background has-background\">R\u00c9GIMEN DE CORRELATIVIDADES DEL <strong>PROFESORADO EN EDUCACI\u00d3N ESPECIAL CON ORIENTACI\u00d3N CIEGOS Y DISMINUIDOS VISUALES<\/strong><\/h5>\n\n\n\n<div class=\"wp-block-file\"><object class=\"wp-block-file__embed\" data=\"https:\/\/isfd9-bue.infd.edu.ar\/sitio\/wp-content\/uploads\/2024\/08\/VISUALES-CORRELATIVAS.pdf\" type=\"application\/pdf\" style=\"width:100%;height:580px\" aria-label=\"Incrustado de VISUALES-CORRELATIVAS.\"><\/object><a id=\"wp-block-file--media-faa3e8e7-07bb-4472-9af4-50d080455b8c\" href=\"https:\/\/isfd9-bue.infd.edu.ar\/sitio\/wp-content\/uploads\/2024\/08\/VISUALES-CORRELATIVAS.pdf\">VISUALES-CORRELATIVAS<\/a><a href=\"https:\/\/isfd9-bue.infd.edu.ar\/sitio\/wp-content\/uploads\/2024\/08\/VISUALES-CORRELATIVAS.pdf\" class=\"wp-block-file__button wp-element-button\" download aria-describedby=\"wp-block-file--media-faa3e8e7-07bb-4472-9af4-50d080455b8c\">Descarga<\/a><\/div>\n\n\n\n<h5 class=\"wp-block-heading has-text-align-center has-very-light-gray-to-cyan-bluish-gray-gradient-background has-background\">R\u00c9GIMEN DE CORRELATIVIDADES DEL PROFESORADO EN EDUCACI\u00d3N INICIAL<\/h5>\n\n\n\n<div class=\"wp-block-file\"><object class=\"wp-block-file__embed\" data=\"https:\/\/isfd9-bue.infd.edu.ar\/sitio\/wp-content\/uploads\/2024\/08\/CORRELATIVIDADES-INICIAL.pdf\" type=\"application\/pdf\" style=\"width:100%;height:600px\" aria-label=\"Incrustado de CORRELATIVIDADES-INICIAL.\"><\/object><a id=\"wp-block-file--media-94218fa8-7325-4ff9-97c7-0995354f589b\" href=\"https:\/\/isfd9-bue.infd.edu.ar\/sitio\/wp-content\/uploads\/2024\/08\/CORRELATIVIDADES-INICIAL.pdf\">CORRELATIVIDADES-INICIAL<\/a><a href=\"https:\/\/isfd9-bue.infd.edu.ar\/sitio\/wp-content\/uploads\/2024\/08\/CORRELATIVIDADES-INICIAL.pdf\" class=\"wp-block-file__button wp-element-button\" download aria-describedby=\"wp-block-file--media-94218fa8-7325-4ff9-97c7-0995354f589b\">Descarga<\/a><\/div>\n\n\n\n<h5 class=\"wp-block-heading has-text-align-center has-blush-light-purple-gradient-background has-background\">R\u00c9GIMEN DE CORRELATIVIDADES DEL PROFESORADO EN EDUCACI\u00d3N PRIMARIA<\/h5>\n\n\n\n<div class=\"wp-block-file\"><object class=\"wp-block-file__embed\" data=\"https:\/\/isfd9-bue.infd.edu.ar\/sitio\/wp-content\/uploads\/2024\/08\/Anexo-3-Correlatividades-Prof.-de-Educacion-Primaria.pdf\" type=\"application\/pdf\" style=\"width:100%;height:600px\" aria-label=\"Incrustado de Anexo-3-Correlatividades-Prof.-de-Educacion-Primaria.\"><\/object><a id=\"wp-block-file--media-865652e1-40ca-44e4-8e85-04b9a264e2da\" href=\"https:\/\/isfd9-bue.infd.edu.ar\/sitio\/wp-content\/uploads\/2024\/08\/Anexo-3-Correlatividades-Prof.-de-Educacion-Primaria.pdf\">Anexo-3-Correlatividades-Prof.-de-Educacion-Primaria<\/a><a href=\"https:\/\/isfd9-bue.infd.edu.ar\/sitio\/wp-content\/uploads\/2024\/08\/Anexo-3-Correlatividades-Prof.-de-Educacion-Primaria.pdf\" class=\"wp-block-file__button wp-element-button\" download aria-describedby=\"wp-block-file--media-865652e1-40ca-44e4-8e85-04b9a264e2da\">Descarga<\/a><\/div>\n\n\n\n<h2 class=\"wp-block-heading has-text-align-center\"><\/h2>\n\n\n\n<h5 class=\"wp-block-heading has-text-align-center has-light-green-cyan-to-vivid-green-cyan-gradient-background has-background\">R\u00c9GIMEN DE CORRELATIVIDADES DEL PROFESORADO DE EDUCACI\u00d3N EN LENGUA Y LITERATURA<\/h5>\n\n\n\n<div class=\"wp-block-file\"><object class=\"wp-block-file__embed\" data=\"https:\/\/isfd9-bue.infd.edu.ar\/sitio\/wp-content\/uploads\/2024\/08\/CAMBIO-CORRELATIVIDADES-LENGUA-Y-LITERATURA.pdf\" type=\"application\/pdf\" style=\"width:100%;height:600px\" aria-label=\"Incrustado de CAMBIO-CORRELATIVIDADES-LENGUA-Y-LITERATURA.\"><\/object><a id=\"wp-block-file--media-54a5ba36-718a-4f99-a70b-7de6e7c69c86\" href=\"https:\/\/isfd9-bue.infd.edu.ar\/sitio\/wp-content\/uploads\/2024\/08\/CAMBIO-CORRELATIVIDADES-LENGUA-Y-LITERATURA.pdf\">CAMBIO-CORRELATIVIDADES-LENGUA-Y-LITERATURA<\/a><a href=\"https:\/\/isfd9-bue.infd.edu.ar\/sitio\/wp-content\/uploads\/2024\/08\/CAMBIO-CORRELATIVIDADES-LENGUA-Y-LITERATURA.pdf\" class=\"wp-block-file__button wp-element-button\" download aria-describedby=\"wp-block-file--media-54a5ba36-718a-4f99-a70b-7de6e7c69c86\">Descarga<\/a><\/div>\n\n\n\n<p><\/p>\n","protected":false},"excerpt":{"rendered":"<p>R\u00c9GIMEN DE CORRELATIVIDADES DEL PROFESORADO EN EDUCACI\u00d3N ESPECIAL 1ero y 2do a\u00f1o. R\u00c9GIMEN DE CORRELATIVIDADES DEL PROFESORADO EN EDUCACI\u00d3N ESPECIAL CON ORIENTACI\u00d3N INTELECTUAL R\u00c9GIMEN DE CORRELATIVIDADES DEL PROFESORADO EN EDUCACI\u00d3N ESPECIAL CON ORIENTACI\u00d3N NEUROMOTORA R\u00c9GIMEN DE CORRELATIVIDADES DEL PROFESORADO EN EDUCACI\u00d3N ESPECIAL CON ORIENTACI\u00d3N SORDOS E HIPOAC\u00daSICOS R\u00c9GIMEN DE CORRELATIVIDADES DEL PROFESORADO EN EDUCACI\u00d3N ESPECIAL &#8230; <a title=\"R\u00c9GIMEN DE CORRELATIVIDADES\" class=\"read-more\" href=\"https:\/\/isfd9-bue.infd.edu.ar\/sitio\/correlativas\/\" aria-label=\"More on R\u00c9GIMEN DE CORRELATIVIDADES\">[+]<\/a><\/p>\n","protected":false},"author":145,"featured_media":0,"parent":0,"menu_order":0,"comment_status":"closed","ping_status":"closed","template":"","meta":[],"acf":[],"_links":{"self":[{"href":"https:\/\/isfd9-bue.infd.edu.ar\/sitio\/wp-json\/wp\/v2\/pages\/4876"}],"collection":[{"href":"https:\/\/isfd9-bue.infd.edu.ar\/sitio\/wp-json\/wp\/v2\/pages"}],"about":[{"href":"https:\/\/isfd9-bue.infd.edu.ar\/sitio\/wp-json\/wp\/v2\/types\/page"}],"author":[{"embeddable":true,"href":"https:\/\/isfd9-bue.infd.edu.ar\/sitio\/wp-json\/wp\/v2\/users\/145"}],"replies":[{"embeddable":true,"href":"https:\/\/isfd9-bue.infd.edu.ar\/sitio\/wp-json\/wp\/v2\/comments?post=4876"}],"version-history":[{"count":19,"href":"https:\/\/isfd9-bue.infd.edu.ar\/sitio\/wp-json\/wp\/v2\/pages\/4876\/revisions"}],"predecessor-version":[{"id":4940,"href":"https:\/\/isfd9-bue.infd.edu.ar\/sitio\/wp-json\/wp\/v2\/pages\/4876\/revisions\/4940"}],"wp:attachment":[{"href":"https:\/\/isfd9-bue.infd.edu.ar\/sitio\/wp-json\/wp\/v2\/media?parent=4876"}],"curies":[{"name":"wp","href":"https:\/\/api.w.org\/{rel}","templated":true}]}}